{"id":91,"date":"2020-08-03T17:13:55","date_gmt":"2020-08-03T17:13:55","guid":{"rendered":"http:\/\/bilskroteniwarberg.se\/?page_id=91"},"modified":"2020-09-15T21:00:37","modified_gmt":"2020-09-15T21:00:37","slug":"begagnade-bildelar","status":"publish","type":"page","link":"https:\/\/bilskroteniwarberg.se\/?page_id=91","title":{"rendered":"Begagnade Bildelar"},"content":{"rendered":"\n<div class=\"wp-block-jetpack-slideshow aligncenter\" data-effect=\"slide\"><div class=\"wp-block-jetpack-slideshow_container swiper-container\"><ul class=\"wp-block-jetpack-slideshow_swiper-wrapper swiper-wrapper\"><li class=\"wp-block-jetpack-slideshow_slide swiper-slide\"><figure><img fetchpriority=\"high\" decoding=\"async\" width=\"750\" height=\"563\" alt=\"Hur vi skrotar din bil i Bilskroten i Warberg\" class=\"wp-block-jetpack-slideshow_image wp-image-49\" data-id=\"49\" src=\"http:\/\/bilskroteniwarberg.se\/wp-content\/uploads\/2020\/08\/117239602_3260412930689643_1460804933536421567_n-1.jpg\" srcset=\"https:\/\/bilskroteniwarberg.se\/wp-content\/uploads\/2020\/08\/117239602_3260412930689643_1460804933536421567_n-1.jpg 750w, https:\/\/bilskroteniwarberg.se\/wp-content\/uploads\/2020\/08\/117239602_3260412930689643_1460804933536421567_n-1-300x225.jpg 300w\" sizes=\"(max-width: 750px) 100vw, 750px\" \/><\/figure><\/li><li class=\"wp-block-jetpack-slideshow_slide swiper-slide\"><figure><img decoding=\"async\" width=\"750\" height=\"563\" alt=\"D\u00e4ck med f\u00e4lgar p\u00e5 Bilskroteniwarberg.se\" class=\"wp-block-jetpack-slideshow_image wp-image-35 lazyload\" data-id=\"35\" data-src=\"http:\/\/bilskroteniwarberg.se\/wp-content\/uploads\/2020\/08\/116884347_999775063814557_5518146609088277989_n.jpg\" data-srcset=\"https:\/\/bilskroteniwarberg.se\/wp-content\/uploads\/2020\/08\/116884347_999775063814557_5518146609088277989_n.jpg 750w, https:\/\/bilskroteniwarberg.se\/wp-content\/uploads\/2020\/08\/116884347_999775063814557_5518146609088277989_n-300x225.jpg 300w\" data-sizes=\"(max-width: 750px) 100vw, 750px\" src=\"data:image\/svg+xml;base64,PHN2ZyB3aWR0aD0iMSIgaGVpZ2h0PSIxIiB4bWxucz0iaHR0cDovL3d3dy53My5vcmcvMjAwMC9zdmciPjwvc3ZnPg==\" style=\"--smush-placeholder-width: 750px; --smush-placeholder-aspect-ratio: 750\/563;\" \/><\/figure><\/li><li class=\"wp-block-jetpack-slideshow_slide swiper-slide\"><figure><img decoding=\"async\" width=\"750\" height=\"563\" alt=\"Flera typ av d\u00e4ck p\u00e5 Bilskroteniwarberg.se\" class=\"wp-block-jetpack-slideshow_image wp-image-29 lazyload\" data-id=\"29\" data-src=\"http:\/\/bilskroteniwarberg.se\/wp-content\/uploads\/2020\/08\/117226865_1219454891780451_6930354527117592936_n.jpg\" data-srcset=\"https:\/\/bilskroteniwarberg.se\/wp-content\/uploads\/2020\/08\/117226865_1219454891780451_6930354527117592936_n.jpg 750w, https:\/\/bilskroteniwarberg.se\/wp-content\/uploads\/2020\/08\/117226865_1219454891780451_6930354527117592936_n-300x225.jpg 300w\" data-sizes=\"(max-width: 750px) 100vw, 750px\" src=\"data:image\/svg+xml;base64,PHN2ZyB3aWR0aD0iMSIgaGVpZ2h0PSIxIiB4bWxucz0iaHR0cDovL3d3dy53My5vcmcvMjAwMC9zdmciPjwvc3ZnPg==\" style=\"--smush-placeholder-width: 750px; --smush-placeholder-aspect-ratio: 750\/563;\" \/><\/figure><\/li><li class=\"wp-block-jetpack-slideshow_slide swiper-slide\"><figure><img decoding=\"async\" width=\"750\" height=\"563\" alt=\"Karosseri av flera modeler p\u00e5 bilskroteniwarberg.se\" class=\"wp-block-jetpack-slideshow_image wp-image-57 lazyload\" data-id=\"57\" data-src=\"http:\/\/bilskroteniwarberg.se\/wp-content\/uploads\/2020\/08\/116907097_2410142865952832_3819197083423940559_n.jpg\" data-srcset=\"https:\/\/bilskroteniwarberg.se\/wp-content\/uploads\/2020\/08\/116907097_2410142865952832_3819197083423940559_n.jpg 750w, https:\/\/bilskroteniwarberg.se\/wp-content\/uploads\/2020\/08\/116907097_2410142865952832_3819197083423940559_n-300x225.jpg 300w\" data-sizes=\"(max-width: 750px) 100vw, 750px\" src=\"data:image\/svg+xml;base64,PHN2ZyB3aWR0aD0iMSIgaGVpZ2h0PSIxIiB4bWxucz0iaHR0cDovL3d3dy53My5vcmcvMjAwMC9zdmciPjwvc3ZnPg==\" style=\"--smush-placeholder-width: 750px; --smush-placeholder-aspect-ratio: 750\/563;\" \/><\/figure><\/li><\/ul><a class=\"wp-block-jetpack-slideshow_button-prev swiper-button-prev swiper-button-white\" role=\"button\"><\/a><a class=\"wp-block-jetpack-slideshow_button-next swiper-button-next swiper-button-white\" role=\"button\"><\/a><a aria-label=\"Pause Slideshow\" class=\"wp-block-jetpack-slideshow_button-pause\" role=\"button\"><\/a><div class=\"wp-block-jetpack-slideshow_pagination swiper-pagination swiper-pagination-white\"><\/div><\/div><\/div>\n\n\n\n<p class=\"has-text-align-center\">Kom ih\u00e5g om v\u00e5ra <a href=\"https:\/\/bilskroteniwarberg.se\/?page_id=107\" target=\"_blank\" rel=\"noreferrer noopener\">Garantier<\/a>!<\/p>\n\n\n\n<p class=\"has-text-align-center\">7 dagars \u00f6ppet k\u00f6p || 3 m\u00e5naders garanti<\/p>\n","protected":false},"excerpt":{"rendered":"<p>Kom ih\u00e5g om v\u00e5ra Garantier! 7 dagars \u00f6ppet k\u00f6p || 3 m\u00e5naders garanti<\/p>\n","protected":false},"author":1,"featured_media":0,"parent":0,"menu_order":0,"comment_status":"closed","ping_status":"closed","template":"","meta":{"neve_meta_sidebar":"full-width","neve_meta_container":"","neve_meta_enable_content_width":"on","neve_meta_content_width":100,"neve_meta_title_alignment":"","neve_meta_author_avatar":"","neve_post_elements_order":"","neve_meta_disable_header":"","neve_meta_disable_footer":"","neve_meta_disable_title":"","footnotes":""},"class_list":["post-91","page","type-page","status-publish","hentry"],"yoast_head":"<!-- This site is optimized with the Yoast SEO plugin v26.4 - https:\/\/yoast.com\/wordpress\/plugins\/seo\/ -->\n<title>Begagnade bildelar p\u00e5 bilskroteniwarberg.se<\/title>\n<meta name=\"robots\" content=\"index, follow, max-snippet:-1, max-image-preview:large, max-video-preview:-1\" \/>\n<link rel=\"canonical\" href=\"https:\/\/bilskroteniwarberg.se\/?page_id=91\" \/>\n<meta property=\"og:locale\" content=\"sv_SE\" \/>\n<meta property=\"og:type\" content=\"article\" \/>\n<meta property=\"og:title\" content=\"Begagnade bildelar p\u00e5 bilskroteniwarberg.se\" \/>\n<meta property=\"og:description\" content=\"Kom ih\u00e5g om v\u00e5ra Garantier! 7 dagars \u00f6ppet k\u00f6p || 3 m\u00e5naders garanti\" \/>\n<meta property=\"og:url\" content=\"https:\/\/bilskroteniwarberg.se\/?page_id=91\" \/>\n<meta property=\"og:site_name\" content=\"Bilskroten I Warberg\" \/>\n<meta property=\"article:publisher\" content=\"https:\/\/www.facebook.com\/Bilskroten-i-Varberg-805650976273021\" \/>\n<meta property=\"article:modified_time\" content=\"2020-09-15T21:00:37+00:00\" \/>\n<meta property=\"og:image\" content=\"http:\/\/bilskroteniwarberg.se\/wp-content\/uploads\/2020\/08\/117239602_3260412930689643_1460804933536421567_n-1.jpg\" \/>\n<meta name=\"twitter:card\" content=\"summary_large_image\" \/>\n<script type=\"application\/ld+json\" class=\"yoast-schema-graph\">{\"@context\":\"https:\/\/schema.org\",\"@graph\":[{\"@type\":\"WebPage\",\"@id\":\"https:\/\/bilskroteniwarberg.se\/?page_id=91\",\"url\":\"https:\/\/bilskroteniwarberg.se\/?page_id=91\",\"name\":\"Begagnade bildelar p\u00e5 bilskroteniwarberg.se\",\"isPartOf\":{\"@id\":\"https:\/\/bilskroteniwarberg.se\/#website\"},\"primaryImageOfPage\":{\"@id\":\"https:\/\/bilskroteniwarberg.se\/?page_id=91#primaryimage\"},\"image\":{\"@id\":\"https:\/\/bilskroteniwarberg.se\/?page_id=91#primaryimage\"},\"thumbnailUrl\":\"http:\/\/bilskroteniwarberg.se\/wp-content\/uploads\/2020\/08\/117239602_3260412930689643_1460804933536421567_n-1.jpg\",\"datePublished\":\"2020-08-03T17:13:55+00:00\",\"dateModified\":\"2020-09-15T21:00:37+00:00\",\"breadcrumb\":{\"@id\":\"https:\/\/bilskroteniwarberg.se\/?page_id=91#breadcrumb\"},\"inLanguage\":\"sv-SE\",\"potentialAction\":[{\"@type\":\"ReadAction\",\"target\":[\"https:\/\/bilskroteniwarberg.se\/?page_id=91\"]}]},{\"@type\":\"ImageObject\",\"inLanguage\":\"sv-SE\",\"@id\":\"https:\/\/bilskroteniwarberg.se\/?page_id=91#primaryimage\",\"url\":\"http:\/\/bilskroteniwarberg.se\/wp-content\/uploads\/2020\/08\/117239602_3260412930689643_1460804933536421567_n-1.jpg\",\"contentUrl\":\"http:\/\/bilskroteniwarberg.se\/wp-content\/uploads\/2020\/08\/117239602_3260412930689643_1460804933536421567_n-1.jpg\"},{\"@type\":\"BreadcrumbList\",\"@id\":\"https:\/\/bilskroteniwarberg.se\/?page_id=91#breadcrumb\",\"itemListElement\":[{\"@type\":\"ListItem\",\"position\":1,\"name\":\"Hem\",\"item\":\"https:\/\/bilskroteniwarberg.se\/\"},{\"@type\":\"ListItem\",\"position\":2,\"name\":\"Begagnade Bildelar\"}]},{\"@type\":\"WebSite\",\"@id\":\"https:\/\/bilskroteniwarberg.se\/#website\",\"url\":\"https:\/\/bilskroteniwarberg.se\/\",\"name\":\"Bilskroten I Warberg\",\"description\":\"Begagnat f\u00f6re nytt\",\"publisher\":{\"@id\":\"https:\/\/bilskroteniwarberg.se\/#organization\"},\"potentialAction\":[{\"@type\":\"SearchAction\",\"target\":{\"@type\":\"EntryPoint\",\"urlTemplate\":\"https:\/\/bilskroteniwarberg.se\/?s={search_term_string}\"},\"query-input\":{\"@type\":\"PropertyValueSpecification\",\"valueRequired\":true,\"valueName\":\"search_term_string\"}}],\"inLanguage\":\"sv-SE\"},{\"@type\":\"Organization\",\"@id\":\"https:\/\/bilskroteniwarberg.se\/#organization\",\"name\":\"Bilskroten I Warberg\",\"url\":\"https:\/\/bilskroteniwarberg.se\/\",\"logo\":{\"@type\":\"ImageObject\",\"inLanguage\":\"sv-SE\",\"@id\":\"https:\/\/bilskroteniwarberg.se\/#\/schema\/logo\/image\/\",\"url\":\"https:\/\/bilskroteniwarberg.se\/wp-content\/uploads\/2020\/09\/cropped-Bilskroten-i-Warberg-2.png\",\"contentUrl\":\"https:\/\/bilskroteniwarberg.se\/wp-content\/uploads\/2020\/09\/cropped-Bilskroten-i-Warberg-2.png\",\"width\":432,\"height\":425,\"caption\":\"Bilskroten I Warberg\"},\"image\":{\"@id\":\"https:\/\/bilskroteniwarberg.se\/#\/schema\/logo\/image\/\"},\"sameAs\":[\"https:\/\/www.facebook.com\/Bilskroten-i-Varberg-805650976273021\"]}]}<\/script>\n<!-- \/ Yoast SEO plugin. -->","yoast_head_json":{"title":"Begagnade bildelar p\u00e5 bilskroteniwarberg.se","robots":{"index":"index","follow":"follow","max-snippet":"max-snippet:-1","max-image-preview":"max-image-preview:large","max-video-preview":"max-video-preview:-1"},"canonical":"https:\/\/bilskroteniwarberg.se\/?page_id=91","og_locale":"sv_SE","og_type":"article","og_title":"Begagnade bildelar p\u00e5 bilskroteniwarberg.se","og_description":"Kom ih\u00e5g om v\u00e5ra Garantier! 7 dagars \u00f6ppet k\u00f6p || 3 m\u00e5naders garanti","og_url":"https:\/\/bilskroteniwarberg.se\/?page_id=91","og_site_name":"Bilskroten I Warberg","article_publisher":"https:\/\/www.facebook.com\/Bilskroten-i-Varberg-805650976273021","article_modified_time":"2020-09-15T21:00:37+00:00","og_image":[{"url":"http:\/\/bilskroteniwarberg.se\/wp-content\/uploads\/2020\/08\/117239602_3260412930689643_1460804933536421567_n-1.jpg","type":"","width":"","height":""}],"twitter_card":"summary_large_image","schema":{"@context":"https:\/\/schema.org","@graph":[{"@type":"WebPage","@id":"https:\/\/bilskroteniwarberg.se\/?page_id=91","url":"https:\/\/bilskroteniwarberg.se\/?page_id=91","name":"Begagnade bildelar p\u00e5 bilskroteniwarberg.se","isPartOf":{"@id":"https:\/\/bilskroteniwarberg.se\/#website"},"primaryImageOfPage":{"@id":"https:\/\/bilskroteniwarberg.se\/?page_id=91#primaryimage"},"image":{"@id":"https:\/\/bilskroteniwarberg.se\/?page_id=91#primaryimage"},"thumbnailUrl":"http:\/\/bilskroteniwarberg.se\/wp-content\/uploads\/2020\/08\/117239602_3260412930689643_1460804933536421567_n-1.jpg","datePublished":"2020-08-03T17:13:55+00:00","dateModified":"2020-09-15T21:00:37+00:00","breadcrumb":{"@id":"https:\/\/bilskroteniwarberg.se\/?page_id=91#breadcrumb"},"inLanguage":"sv-SE","potentialAction":[{"@type":"ReadAction","target":["https:\/\/bilskroteniwarberg.se\/?page_id=91"]}]},{"@type":"ImageObject","inLanguage":"sv-SE","@id":"https:\/\/bilskroteniwarberg.se\/?page_id=91#primaryimage","url":"http:\/\/bilskroteniwarberg.se\/wp-content\/uploads\/2020\/08\/117239602_3260412930689643_1460804933536421567_n-1.jpg","contentUrl":"http:\/\/bilskroteniwarberg.se\/wp-content\/uploads\/2020\/08\/117239602_3260412930689643_1460804933536421567_n-1.jpg"},{"@type":"BreadcrumbList","@id":"https:\/\/bilskroteniwarberg.se\/?page_id=91#breadcrumb","itemListElement":[{"@type":"ListItem","position":1,"name":"Hem","item":"https:\/\/bilskroteniwarberg.se\/"},{"@type":"ListItem","position":2,"name":"Begagnade Bildelar"}]},{"@type":"WebSite","@id":"https:\/\/bilskroteniwarberg.se\/#website","url":"https:\/\/bilskroteniwarberg.se\/","name":"Bilskroten I Warberg","description":"Begagnat f\u00f6re nytt","publisher":{"@id":"https:\/\/bilskroteniwarberg.se\/#organization"},"potentialAction":[{"@type":"SearchAction","target":{"@type":"EntryPoint","urlTemplate":"https:\/\/bilskroteniwarberg.se\/?s={search_term_string}"},"query-input":{"@type":"PropertyValueSpecification","valueRequired":true,"valueName":"search_term_string"}}],"inLanguage":"sv-SE"},{"@type":"Organization","@id":"https:\/\/bilskroteniwarberg.se\/#organization","name":"Bilskroten I Warberg","url":"https:\/\/bilskroteniwarberg.se\/","logo":{"@type":"ImageObject","inLanguage":"sv-SE","@id":"https:\/\/bilskroteniwarberg.se\/#\/schema\/logo\/image\/","url":"https:\/\/bilskroteniwarberg.se\/wp-content\/uploads\/2020\/09\/cropped-Bilskroten-i-Warberg-2.png","contentUrl":"https:\/\/bilskroteniwarberg.se\/wp-content\/uploads\/2020\/09\/cropped-Bilskroten-i-Warberg-2.png","width":432,"height":425,"caption":"Bilskroten I Warberg"},"image":{"@id":"https:\/\/bilskroteniwarberg.se\/#\/schema\/logo\/image\/"},"sameAs":["https:\/\/www.facebook.com\/Bilskroten-i-Varberg-805650976273021"]}]}},"jetpack_sharing_enabled":true,"_links":{"self":[{"href":"https:\/\/bilskroteniwarberg.se\/index.php?rest_route=\/wp\/v2\/pages\/91","targetHints":{"allow":["GET"]}}],"collection":[{"href":"https:\/\/bilskroteniwarberg.se\/index.php?rest_route=\/wp\/v2\/pages"}],"about":[{"href":"https:\/\/bilskroteniwarberg.se\/index.php?rest_route=\/wp\/v2\/types\/page"}],"author":[{"embeddable":true,"href":"https:\/\/bilskroteniwarberg.se\/index.php?rest_route=\/wp\/v2\/users\/1"}],"replies":[{"embeddable":true,"href":"https:\/\/bilskroteniwarberg.se\/index.php?rest_route=%2Fwp%2Fv2%2Fcomments&post=91"}],"version-history":[{"count":2,"href":"https:\/\/bilskroteniwarberg.se\/index.php?rest_route=\/wp\/v2\/pages\/91\/revisions"}],"predecessor-version":[{"id":200,"href":"https:\/\/bilskroteniwarberg.se\/index.php?rest_route=\/wp\/v2\/pages\/91\/revisions\/200"}],"wp:attachment":[{"href":"https:\/\/bilskroteniwarberg.se\/index.php?rest_route=%2Fwp%2Fv2%2Fmedia&parent=91"}],"curies":[{"name":"wp","href":"https:\/\/api.w.org\/{rel}","templated":true}]}}